ivided by 68?
14
Calculate the remainder when 30323 is divided by 28.
27
Calculate the remainder when 82 is divided by 12.
10
Calculate the remainder when 453 is divided by 35.
33
What is the remainder when 113 is divided by 13?
9
Calculate the remainder when 1158 is divided by 43.
40
What is the remainder when 146 is divided by 31?
22
Calculate the remainder when 99 is divided by 91.
8
Calculate the remainder when 501 is divided by 112.
53
What is the remainder when 145 is divided by 49?
47
Calculate the remainder when 2013 is divided by 14.
11
Calculate the remainder when 2406 is divided by 33.
30
Calculate the remainder when 348 is divided by 30.
18
Calculate the remainder when 4043 is divided by 271.
249
What is the remainder when 325 is divided by 317?
8
Calculate the remainder when 40 is divided by 7.
5
Calculate the remainder when 114 is divided by 17.
12
Calculate the remainder when 392 is divided by 60.
32
Calculate the remainder when 223 is divided by 57.
52
Calculate the remainder when 697 is divided by 87.
1
What is the remainder when 236 is divided by 22?
16
What is the remainder when 3918 is divided by 14?
12
Calculate the remainder when 1580 is divided by 506.
62
Calculate the remainder when 1391 is divided by 82.
79
What is the remainder when 1349 is divided by 10?
9
Calculate the remainder when 210 is divided by 32.
18
What is the remainder when 1240 is divided by 183?
142
What is the remainder when 322 is divided by 89?
55
What is the remainder when 212 is divided by 64?
20
What is the remainder when 3058 is divided by 51?
49
What is the remainder when 42 is divided by 8?
2
What is the remainder when 447 is divided by 117?
96
What is the remainder when 1616 is divided by 10?
6
What is the remainder when 1008 is divided by 23?
19
Calculate the remainder when 224 is divided by 15.
14
What is the remainder when 154 is divided by 107?
47
Calculate the remainder when 7012 is divided by 21.
19
What is the remainder when 405 is divided by 119?
48
What is the remainder when 1242 is divided by 7?
3
Calculate the remainder when 105 is divided by 41.
23
Calculate the remainder when 1391 is divided by 22.
5
Calculate the remainder when 84 is divided by 5.
4
Calculate the remainder when 4410 is divided by 192.
186
Calculate the remainder when 6789 is divided by 170.
159
Calculate the remainder when 1195 is divided by 19.
17
Calculate the remainder when 91 is divided by 32.
27
What is the remainder when 383 is divided by 66?
53
What is the remainder when 109 is divided by 100?
9
Calculate the remainder when 459 is divided by 19.
3
Calculate the remainder when 6052 is divided by 13.
7
Calculate the remainder when 630 is divided by 140.
70
Calculate the remainder when 1213 is divided by 19.
16
What is the remainder when 4757 is divided by 791?
11
Calculate the remainder when 208 is divided by 19.
18
What is the remainder when 247 is divided by 75?
22
Calculate the remainder when 1342 is divided by 17.
16
Calculate the remainder when 457 is divided by 15.
7
Calculate the remainder when 1607 is divided by 1606.
1
Calculate the remainder when 222 is divided by 15.
12
Calculate the remainder when 3810 is divided by 544.
2
Calculate the remainder when 173 is divided by 53.
14
Calculate the remainder when 372 is divided by 25.
22
Calculate the remainder when 330 is divided by 63.
15
What is the remainder when 203 is divided by 86?
31
What is the remainder when 211 is divided by 49?
15
Calculate the remainder when 158 is divided by 76.
6
What is the remainder when 231 is divided by 48?
39
Calculate the remainder when 1217 is divided by 152.
1
What is the remainder when 78 is divided by 27?
24
Calculate the remainder when 432 is divided by 40.
32
Calculate the remainder when 1497 is divided by 79.
75
What is the remainder when 5543 is divided by 126?
125
Calculate the remainder when 77 is divided by 40.
37
What is the remainder when 48 is divided by 20?
8
Calculate the remainder when 5866 is divided by 48.
10
Calculate the remainder when 322 is divided by 44.
14
Calculate the remainder when 4175 is divided by 12.
11
What is the remainder when 36 is divided by 10?
6
What is the remainder when 749 is divided by 29?
24
Calculate the remainder when 71 is divided by 6.
5
What is the remainder when 747 is divided by 7?
5
Calculate the remainder when 1510 is divided by 28.
26
Calculate the remainder when 32 is divided by 17.
15
What is the remainder when 219 is divided by 17?
15
Calculate the remainder when 7939 is divided by 22.
19
Calculate the remainder when 2342 is divided by 71.
70
What is the remainder when 584 is divided by 195?
194
Calculate the remainder when 35 is divided by 18.
17
What is the remainder when 19279 is divided by 95?
89
Calculate the remainder when 128 is divided by 12.
8
What is the remainder when 48 is divided by 2?
0
Calculate the remainder when 86 is divided by 31.
24
What is the remainder when 503 is divided by 9?
8
Calculate the remainder when 5236 is divided by 2614.
8
What is the remainder when 647 is divided by 2?
1
What is the remainder when 200 is divided by 37?
15
What is the remainder when 19259 is divided by 107?
106
Calculate the remainder when 1121 is divided by 11.
10
Calculate the remainder when 3277 is divided by 1092.
1
Calculate the remainder when 31 is divided by 20.
11
Calculate the remainder when 497 is divided by 482.
15
What is the remainder when 740 is divided by 86?
52
Calculate the remainder when 405 is divided by 353.
52
Calculate the remainder when 2444 is divided by 349.
1
What is the remainder when 42 is divided by 23?
19
What is the remainder when 2097 is divided by 263?
256
Calculate the remainder when 210 is divided by 24.
18
Calculate the remainder when 39 is divided by 16.
7
What is the remainder when 426 is divided by 109?
99
What is the remainder when 60 is divided by 46?
14
Calculate the remainder when 886 is divided by 3.
1
Calculate the remainder when 216 is divided by 51.
12
Calculate the remainder when 190 is divided by 80.
30
What is the remainder when 192 is divided by 20?
12
What is the remainder when 91 is divided by 22?
3
What is the remainder when 103 is divided by 22?
15
What is the remainder when 2655 is divided by 327?
39
Calculate the remainder when 266 is divided by 220.
46
What is the remainder when 1631 is divided by 14?
7
What is the remainder when 138 is divided by 35?
33
Calculate the remainder when 14551 is divided by 251.
244
Calculate the remainder when 73 is divided by 23.
4
What is the remainder when 46 is divided by 24?
22
What is the remainder when 869 is divided by 96?
5
What is the remainder when 7 is divided by 5?
2
Calculate the remainder when 2799 is divided by 7.
6
What is the remainder when 161 is divided by 20?
1
Calculate the remainder when 239 is divided by 24.
23
Calculate the remainder when 242 is divided by 23.
12
Calculate the remainder when 34 is divided by 14.
6
What is the remainder when 868 is divided by 126?
112
Calculate the remainder when 62 is divided by 36.
26
Calculate the remainder when 1171 is divided by 51.
49
What is the remainder when 613 is divided by 124?
117
What is the remainder when 9618 is divided by 26?
24
What is the remainder when 526 is divided by 6?
4
Calculate the remainder when 744 is divided by 198.
150
What is the remainder when 564 is divided by 490?
74
Calculate the remainder when 11447 is divided by 8.
7
Calculate the remainder when 324 is divided by 1.
0
Calculate the remainder when 72 is divided by 15.
12
Calculate the remainder when 16 is divided by 7.
2
What is the remainder when 12905 is divided by 14?
11
What is the remainder when 1663 is divided by 552?
7
Calculate the remainder when 1888 is divided by 13.
3
What is the remainder when 1130 is divided by 85?
25
Calculate the remainder when 2317 is divided by 29.
26
Calculate the remainder when 3215 is divided by 3195.
20
Calculate the remainder when 1821 is divided by 114.
111
What is the remainder when 371 is divided by 47?
42
What is the remainder when 5604 is divided by 63?
60
What is the remainder when 5766 is divided by 8?
6
Calculate the remainder when 707 is divided by 118.
117
What is the remainder when 2741 is divided by 61?
57
What is the remainder